se 2*w - 68 = -4*h, 8*w + 77 = 11*w + h. Calculate the highest common factor of 64 and w.
8
Let t = 170 + -71. Calculate the highest common factor of t and 33.
33
Let c be 5 + 17/(-3) + 205/15. What is the greatest common divisor of c and 1651?
13
Let m = -586 + 588. Suppose -5*q + 2*q - 32 = -2*u, -5*u + 4*q = -66. What is the highest common factor of u and m?
2
Suppose -7*i - 54 = -5*m - 8*i, -3*m - 3*i + 42 = 0. Calculate the highest common divisor of 215 and m.
5
Suppose -n + 5 = 4*n. Let v be n/4 - 5825/20. Let u = 588 + v. What is the greatest common factor of 27 and u?
27
Let q(b) = b**3 + 7*b**2 - 4*b + 7. Suppose s + 8 = 1. Let x be q(s). Calculate the greatest common factor of x and 14.
7
Suppose 4*k = -v - 0 + 7, 3*k - v = 0. Let x = k + -1. Suppose -h + n + 17 = 0, -3*h + x*h + 27 = 5*n. What is the highest common divisor of h and 2?
2
Suppose -f - 4*f + 5 = 0, 5*f = s + 12. Let m be (-7)/(s/(-6)) - 2. Let a(d) = -6*d - 8. Let y be a(m). What is the greatest common divisor of y and 8?
8
Let s be 0/(-1) - (2 - 7). Let l = 2561 + -2526. Calculate the highest common factor of l and s.
5
Let y(q) = -25*q - 4. Let o be y(2). Let a be 220/14 + o/(-189). Calculate the greatest common factor of 88 and a.
8
Let d(v) = v**3 + 10*v**2 - 21*v - 38. Let z be d(-11). Calculate the greatest common factor of z and 252.
36
Suppose 219 + 129 = 3*g. Let i = 210 - g. What is the greatest common factor of i and 235?
47
Suppose -3 - 9 = -3*l. Suppose 5*j = 3*b + 158, 5*j = l*b + b + 150. Calculate the highest common divisor of j and 374.
34
Suppose 14 = m - 16. Let t be 6/(-4)*64/(-6). Let p be (18/(-4))/((-6)/t). Calculate the highest common divisor of p and m.
6
Let i = 84 + 7. Let k(p) = -p**3 - 7*p**2 + 24*p + 61. Let f be k(-9). What is the greatest common factor of i and f?
7
Let a be 3/2*-5*(-374)/255. What is the highest common factor of 1320 and a?
11
Let v be ((-6)/(-4))/((-21)/(-700)). Let b = -39 + v. Calculate the highest common factor of 1 and b.
1
Let z(l) = -11*l**2 + 2*l + 3. Let x be z(-2). Let h be x/(-6)*18/15. What is the highest common divisor of h and 3?
3
Let j be (-4)/(1 + (-3)/4). Let m(r) = r**2 + 16*r + 28. Let s be m(j). What is the highest common factor of s and 70?
14
Let r = 1254 - 803. What is the highest common divisor of r and 164?
41
Suppose -3*t = -4*s + 78, -4*t - 3*t = -5*s + 104. Calculate the greatest common factor of s and 414.
18
Let x = -69 - -61. Let p be 183/12 + 2/x. What is the highest common factor of p and 135?
15
Let f = -34 + 43. Suppose -2*i + 47 = -f. Calculate the highest common divisor of 14 and i.
14
Let d(w) = w**3 - 9*w**2 + w - 8. Let r be d(9). Suppose 8 = -4*f, 5*f = -4*h - 0 - 2. Let y be h/3*(-132)/(-8). What is the highest common divisor of y and r?
1
Suppose -78 = -l + 4*c, 3*c - 348 = -4*l + 7*c. Let r be (-2492)/(-70) + 6/15. Calculate the highest common divisor of l and r.
18
Let w be -10*(17/(-5) + 1). Suppose -137 = 15*o + 43. Let v be (-30)/o*(22/5 - 2). What is the highest common factor of v and w?
6
Suppose -5*n - 13 - 2 = 0, 180 = 2*b - 4*n. What is the highest common factor of 42 and b?
42
Let w(d) = d**2 - 8*d - 22. Let j be w(-3). Suppose 5 + 1 = -3*s. Let i = s + j. Calculate the highest common divisor of 9 and i.
9
Suppose -5*n + 28 + 12 = 0. Let i = -499 - -531. Calculate the greatest common factor of n and i.
8
Suppose -2*r - r = 39. Let h = 516 + -504. Let i be (r + 4)*h/(-9). Calculate the highest common factor of i and 18.
6
Suppose 3*k = 2*n - 375, 0 = -k + 4*k - 15. Let s = 2014 - 1999. What is the greatest common divisor of n and s?
15
Suppose 8*u = 9*u. Suppose 3*g = -12, g + 136 = -u*w - w. Let y be (75/(-20))/(3/w). Calculate the greatest common divisor of y and 15.
15
Let a(i) = -i**2 - 6*i. Let m be a(-6). Let u = 22 - m. Suppose -3*t = j - u, -2*t + 116 + 12 = 4*j. Calculate the greatest common factor of j and 85.
17
Let l be (155/(-4))/5 + 2/(-8). Let y be (l/(-7) - 2/14)*13. Calculate the greatest common factor of y and 351.
13
Let i = 95 + -20. Suppose 35 + 25 = 2*n. Calculate the greatest common factor of i and n.
15
Let f(q) = 13*q**2 - 7*q - 1. Let w be f(-2). Let i = w + -39. Calculate the highest common factor of 234 and i.
26
Let t(q) = 7*q - 4. Let f be t(1). Suppose f*k + 77 = 5*r, 4*r + 4*k = 6*r - 28. Calculate the highest common divisor of 8 and r.
8
Let c(d) = -d**3 + 2*d**2 + 10*d + 700. Let t be c(0). Calculate the greatest common divisor of t and 50.
50
Let q(f) = 9. Let z(s) = -s - 9. Let l(t) = 4*q(t) + 5*z(t). Let o be l(-6). Calculate the highest common divisor of o and 189.
21
Let m(h) = -h**2 + h - 34. Let t be m(0). Let f = t + 34. Suppose f = d + d - 28. Calculate the greatest common factor of 126 and d.
14
Let v(b) = -27*b - 2. Let z be v(-1). Suppose 0 = -3*w + z + 17. Suppose 3*y - 65 - 40 = -3*c, -3*c = -2*y + 70. What is the highest common factor of y and w?
7
Let y(f) = -2*f**2 - 13*f - 2. Let i be y(-6). Suppose -i*m + 5*u + 41 = 0, 5*m - 85 = -5*u - 0*u. What is the greatest common factor of m and 56?
14
Suppose -4*f - 160 = -6*f. Calculate the highest common divisor of f and 8.
8
Suppose -5*o = -62 - 3. Suppose 0 = -3*u - 35 - o. Let t be ((-8)/(-3))/(u/(-24)). What is the highest common divisor of t and 44?
4
Suppose 9*c - 10 = 7*c. Let y = 10 - c. Suppose f - 5*p - 39 + 1 = 0, -4*f + y*p + 122 = 0. Calculate the greatest common factor of 4 and f.
4
Let w = -26 + 39. Suppose 2*j - 5*m - 49 + 1 = 0, 0 = 3*j + 4*m - 141. What is the highest common divisor of w and j?
13
Let y = 34 - 54. Let m = -92 + 83. Let x be -2 - (m/(-3) + y). What is the highest common factor of 3 and x?
3
Let a = 9 - -69. Let h = -8 + a. What is the greatest common factor of h and 28?
14
Let x be 4/6*-3 + -4. Let g be (36/5)/(x/(-20)). Let i be 16/((10/24)/((-5)/(-2))). What is the highest common factor of g and i?
24
Let b(k) = -4 - 9*k**2 + 10*k**2 - 4*k - k. Let q be b(-7). Suppose 0*v + 5*v - q = 0. Calculate the greatest common divisor of v and 64.
16
Suppose 5*z + 398 - 1003 = 0. Calculate the highest common factor of 33 and z.
11
Suppose -w - v + 41 = 0, -5*v + 20 = w - 5. Let l be -9*(-7 - 64/(-12)). Calculate the greatest common divisor of l and w.
15
Let w = -18 - -12. Let q be 2/(-1*w/(-15)). Let s be 2/(-4)*(q + -3). What is the greatest common factor of s and 12?
4
Suppose -8*i = -4491 - 189. Calculate the highest common divisor of 90 and i.
45
Suppose 5*a = -5*l + 1015, 5*l = 2*l + 2*a + 584. Suppose -3*h + l = 15. Let r = -27 + h. What is the greatest common divisor of 51 and r?
17
Let z(q) = 85*q. Let j(k) = 17*k. Let o(n) = -11*j(n) + 2*z(n). Let t be o(-3). What is the greatest common factor of t and 34?
17
Suppose -4*u + 18 + 18 = 0. Suppose -5*d + 39 = -2*d. Let n = d - u. Calculate the highest common factor of 4 and n.
4
Suppose 9*y + 5 = 131. Calculate the highest common divisor of 58 and y.
2
Suppose -2 = 3*z - 11. Let n(o) = 3 + 0 + z*o**2 - o**3 + 0 - 2*o. Let w be n(2). What is the highest common factor of 9 and w?
3
Let d(u) = u + 34. Let i be d(11). Let c(t) = t**2 + 13*t. Let o be c(-15). Calculate the highest common divisor of o and i.
15
Let g = -12 + 31. What is the highest common factor of g and 323?
19
Suppose 0 = -46*h + 41*h - 175. Let g be h*((-6)/(-10))/((-3)/6). Calculate the highest common divisor of g and 12.
6
Let z be (-3)/6*-30 + -2. Calculate the highest common factor of z and 221.
13
Let q be -158 + 1 - (6 + -9). Let n be (-28)/q + 84/22. Suppose -42 = -5*r + n*p, p - 22 = -r - r. What is the highest common divisor of 10 and r?
10
Suppose 5*n + 332 = 4*l, 0 = -4*n + 5*l - 2 - 260. Let m = -38 - n. Let z = -137 - -149. What is the highest common factor of m and z?
6
Suppose -r = 5*k - 41, 0 = -k + r + r + 6. Suppose -5*m - 72 = -k*m. Let g(j) = 6*j**2 + j - 2. Let o be g(2). Calculate the greatest common factor of m and o.
24
Suppose 0 = -2*d - 5*h - 63, -5*h + 14 + 11 = 0. Let n be d/(-10)*(-7 + 12). Calculate the greatest common factor of 33 and n.
11
Let c(o) = -o + 33. Let y be c(18). Let u be (-112)/(-10) + (-3)/y. What is the highest common factor of u and 88?
11
Let j = 3 - -1. Suppose v = -4*z + 90, -v = j*z + 2*v - 94. What is the greatest common factor of z and 2?
2
Let w = 2187 + -1337. Calcula